ainder when 16866 is divided by 8?
2
What is the remainder when 349 is divided by 33?
19
What is the remainder when 51304 is divided by 254?
250
Calculate the remainder when 34911 is divided by 3877.
18
What is the remainder when 2297 is divided by 24?
17
Calculate the remainder when 295723 is divided by 44.
43
What is the remainder when 2571101 is divided by 54?
53
What is the remainder when 2843 is divided by 353?
19
What is the remainder when 30979 is divided by 911?
5
What is the remainder when 2778 is divided by 650?
178
Calculate the remainder when 972 is divided by 217.
104
Calculate the remainder when 31445 is divided by 10480.
5
Calculate the remainder when 141917 is divided by 160.
157
Calculate the remainder when 4906 is divided by 544.
10
What is the remainder when 6905 is divided by 31?
23
Calculate the remainder when 68 is divided by 10.
8
What is the remainder when 12614 is divided by 145?
144
Calculate the remainder when 115615 is divided by 1191.
88
What is the remainder when 6059 is divided by 1879?
422
Calculate the remainder when 1930433 is divided by 12.
5
Calculate the remainder when 13889 is divided by 19.
0
Calculate the remainder when 572 is divided by 117.
104
What is the remainder when 854 is divided by 191?
90
Calculate the remainder when 322733 is divided by 46.
43
What is the remainder when 2724 is divided by 30?
24
Calculate the remainder when 15290 is divided by 28.
2
What is the remainder when 79586 is divided by 333?
332
What is the remainder when 123162 is divided by 24618?
72
Calculate the remainder when 88738 is divided by 1504.
2
What is the remainder when 7558 is divided by 499?
73
What is the remainder when 96301 is divided by 138?
115
What is the remainder when 39978 is divided by 645?
633
Calculate the remainder when 689 is divided by 430.
259
Calculate the remainder when 8460 is divided by 4187.
86
What is the remainder when 5536 is divided by 5528?
8
Calculate the remainder when 63403 is divided by 4.
3
Calculate the remainder when 245941 is divided by 9837.
16
Calculate the remainder when 17862 is divided by 5457.
1491
Calculate the remainder when 4123 is divided by 1367.
22
Calculate the remainder when 89449 is divided by 418.
415
What is the remainder when 72789 is divided by 2688?
213
What is the remainder when 208323 is divided by 17360?
3
Calculate the remainder when 1114 is divided by 344.
82
What is the remainder when 496412 is divided by 17?
12
What is the remainder when 2377 is divided by 1086?
205
What is the remainder when 4831 is divided by 404?
387
What is the remainder when 3212 is divided by 172?
116
Calculate the remainder when 25173 is divided by 4.
1
Calculate the remainder when 12153 is divided by 2430.
3
Calculate the remainder when 7359 is divided by 1413.
294
What is the remainder when 770 is divided by 140?
70
Calculate the remainder when 50368 is divided by 1481.
14
Calculate the remainder when 185 is divided by 29.
11
Calculate the remainder when 8883 is divided by 4439.
5
What is the remainder when 26682 is divided by 356?
338
Calculate the remainder when 18395 is divided by 244.
95
What is the remainder when 6635 is divided by 60?
35
What is the remainder when 3593 is divided by 3059?
534
Calculate the remainder when 22720 is divided by 49.
33
Calculate the remainder when 64441 is divided by 152.
145
What is the remainder when 110386 is divided by 756?
10
What is the remainder when 87208 is divided by 100?
8
Calculate the remainder when 5048 is divided by 1564.
356
What is the remainder when 14980 is divided by 71?
70
What is the remainder when 206735 is divided by 17?
15
What is the remainder when 18598 is divided by 71?
67
What is the remainder when 174207 is divided by 120?
87
What is the remainder when 965962 is divided by 193?
190
Calculate the remainder when 4302 is divided by 1409.
75
Calculate the remainder when 33526 is divided by 16757.
12
What is the remainder when 599570 is divided by 81?
8
What is the remainder when 11673 is divided by 11612?
61
What is the remainder when 5783 is divided by 1901?
80
Calculate the remainder when 479015 is divided by 23.
17
What is the remainder when 4068147 is divided by 1850?
1847
Calculate the remainder when 386590 is divided by 107.
106
Calculate the remainder when 5340 is divided by 2623.
94
Calculate the remainder when 8589 is divided by 358.
355
What is the remainder when 749913 is divided by 1126?
1123
Calculate the remainder when 16370 is divided by 107.
106
What is the remainder when 6958 is divided by 384?
46
What is the remainder when 465 is divided by 10?
5
Calculate the remainder when 12338 is divided by 1790.
1598
What is the remainder when 31798 is divided by 6?
4
Calculate the remainder when 3588 is divided by 150.
138
Calculate the remainder when 245939 is divided by 35.
29
What is the remainder when 25889 is divided by 28?
17
What is the remainder when 51469 is divided by 10289?
24
Calculate the remainder when 2955 is divided by 212.
199
What is the remainder when 31887 is divided by 1450?
1437
Calculate the remainder when 4914 is divided by 33.
30
What is the remainder when 1902 is divided by 810?
282
Calculate the remainder when 14173 is divided by 373.
372
Calculate the remainder when 4588 is divided by 255.
253
What is the remainder when 11773 is divided by 785?
783
Calculate the remainder when 4614 is divided by 20.
14
What is the remainder when 127990 is divided by 42658?
16
Calculate the remainder when 1717 is divided by 537.
106
What is the remainder when 2560262 is divided by 669?
668
Calculate the remainder when 11750 is divided by 1612.
466
Calculate the remainder when 372 is divided by 264.
108
What is the remainder when 24827 is divided by 31?
27
Calculate the remainder when 10377 is divided by 495.
477
What is the remainder when 30046 is divided by 1036?
2
Calculate the remainder when 9525 is divided by 4748.
29
Calculate the remainder when 380684 is divided by 32.
12
Calculate the remainder when 6335 is divided by 469.
238
What is the remainder when 17666 is divided by 13?
12
Calculate the remainder when 8895434 is divided by 15.
14
Calculate the remainder when 452 is divided by 36.
20
What is the remainder when 600 is divided by 25?
0
What is the remainder when 39266 is divided by 6541?
20
Calculate the remainder when 609526 is divided by 466.
464
Calculate the remainder when 744 is divided by 56.
16
Calculate the remainder when 1382 is divided by 480.
422
Calculate the remainder when 421298 is divided by 50.
48
What is the remainder when 388449 is divided by 34?
33
What is the remainder when 9348 is divided by 304?
228
What is the remainder when 2382 is divided by 787?
21
Calculate the remainder when 139935 is divided by 965.
10
What is the remainder when 260322 is divided by 431?
429
Calculate the remainder when 3663743 is divided by 448.
447
What is the remainder when 358335 is divided by 13?
3
What is the remainder when 20743 is divided by 648?
7
Calculate the remainder when 5875 is divided by 1159.
80
What is the remainder when 884 is divided by 797?
87
Calculate the remainder when 87739 is divided by 12534.
1
What is the remainder when 8853 is divided by 524?
469
Calculate the remainder when 109100 is divided by 24.
20
What is the remainder when 8998 is divided by 60?
58
Calculate the remainder when 268960 is divided by 499.
498
What is the remainder when 2487 is divided by 129?
36
What is the remainder when 3700 is divided by 410?
10
Calculate the remainder when 133571 is divided by 265.
11
Calculate the remainder when 43139 is divided by 1795.
59
What is the remainder when 2419074 is divided by 44?
42
What is the remainder when 5884 is divided by 100?
84
Calculate the remainder when 2288 is divided by 124.
56
Calculate the remainder when 10485 is divided by 2621.
1
What is the remainder when 6749 is divided by 241?
1
Calculate the remainder when 1380 is divided by 635.
110
Calculate the remainder when 711 is divided by 115.
21
Calculate the remainder when 115965 is divided by 96.
93
What is the remainder when 1040 is divided by 43?
8
What is the remainder when 8964 is divided by 373?
12
Calculate the remainder when 4499 is divided by 640.
19
Calculate the remainder when 27225 is di